 when 5013 is divided by s?
19
Let q(p) = 41*p - 2. Let f be (-5)/((-50)/(-4)) + 48/20. What is the remainder when q(f) is divided by 12?
8
Let l(x) = 491*x - 4868. Calculate the remainder when 276 is divided by l(10).
24
Suppose 0*o - 10 = -2*o, 5*k = o + 320. Suppose 5*t - 3*s - k = 0, -4*t + 5*s = -2*t - 26. What is the remainder when 153 is divided by t?
10
Suppose -x - 5*x + 15*x - 126 = 0. Calculate the remainder when 1214 is divided by x.
10
Suppose 0 = a + 4 - 7. Suppose a*v - 10 = -1. What is the remainder when 55 + v - (2 + 1) is divided by 16?
7
Let s be (17 - -1)/(-5 + 4). Let o = -5896 - -5899. Calculate the remainder when s/(-5)*40/12 is divided by o.
0
Let p(f) = f + 22. Calculate the remainder when 3 - -88 - (243/(-36) - 15/(-20)) is divided by p(-18).
1
Suppose 62826 = 6*c + 62574. What is the remainder when 554 is divided by c?
8
Let p = 129 - 85. Suppose p = -19*m + 557. Calculate the remainder when 64 is divided by m.
10
Suppose 3*j = 16 + 17. Suppose 10 = -9*l + j*l. What is the remainder when 2/l - (-1141)/35 is divided by 18?
15
Let d(j) = -145*j + 319*j - 124*j - 29. What is the remainder when d(8) is divided by 62?
61
Let d = 66 + -19. What is the remainder when 4*-2 + -764*(-7)/28 is divided by d?
42
Suppose -24*k + 16*k = -3*w - 684, 0 = -5*k + 5*w + 415. Calculate the remainder when 255 is divided by k.
81
Let x(z) be the first derivative of z**4/4 + 2*z**3 - 4*z**2 - 36. Let s be (-4)/(-8) - 2/((-8)/(-30)). Calculate the remainder when 13 is divided by x(s).
6
Let p(k) = -90*k - 20. Let g be p(-2). Suppose -g = -8*f + 3*f. What is the remainder when 159 is divided by f?
31
Let p(o) = -o**3 + 59*o**2 - 42*o + 183. What is the remainder when p(13) is divided by 24?
19
Suppose 5*n - 4*g + 0*g - 82 = 0, 50 = 3*n - 2*g. Let j be ((-8)/(-3))/((-12)/n). Calculate the remainder when 142 - -1 - ((6 - 5) + j) is divided by 37.
35
Let v(c) = 74*c + 5229. What is the remainder when v(-54) is divided by 95?
93
Let u = 288 + 829. What is the remainder when u is divided by 13?
12
Suppose -9*g - 4536 = -12*g - 24*g. Calculate the remainder when 671 is divided by g.
167
Let n = -4 + 3. Let c(b) = -2*b - 1. Calculate the remainder when ((-6)/8)/(1/(-4)) + -1 is divided by c(n).
0
Let u(q) = -q**3 - 21*q**2 - 24*q - 4. Suppose 8*n - 58 = -218. Let d(x) = -x**2 + 14*x - 8. What is the remainder when u(n) is divided by d(6)?
36
Let a(s) = 2*s**2 + 6*s - 1. Let i(k) = -92*k - 3942. What is the remainder when a(4) is divided by i(-43)?
13
Let h = -61 - -78. Suppose 2*i = 5*p - 19, -3*p - 2*p + h = -i. Suppose 0 = -p*w - 4*f + 19, -3*w - 2*w + 60 = f. What is the remainder when 37 is divided by w?
11
Let y be -4 + -2 + 4 + 1. Calculate the remainder when -3 - (23/y - 2) is divided by 40*(16/10 - 222/185).
6
Let w(o) = -o**2 - 21*o + 14. Let s be w(-15). Let p = 183 - s. Suppose -h + p = 13. What is the remainder when h is divided by 34?
32
Let w(p) = -p - 1. Let z = 13 - 22. Suppose 94 = 10*a - 8*a + 2*b, -b + 137 = 3*a. Calculate the remainder when a is divided by w(z).
5
Suppose -85*f + 79*f + 48 = 0. Calculate the remainder when 57 is divided by f.
1
Let z(j) = -17*j - 1. Let v = -296 - -295. Calculate the remainder when 109 is divided by z(v).
13
Suppose 0 = -9*u + 2884 - 436. Suppose d + 223 = u. What is the remainder when d is divided by 31?
18
Suppose 0*k + 3*k + i = 138, 2*k + 2*i - 96 = 0. Suppose 51*l = 24*l + 2349. What is the remainder when l is divided by k?
42
Suppose -7*i - 11*i + 12*i = -2178. Calculate the remainder when i is divided by 33.
0
Let b(o) = -6*o**2 - o + 5. Let d be b(2). What is the remainder when 36 is divided by -9*((-245)/d)/(-5)?
15
Let w(f) = -f**3 + 8*f**2 + 82*f - 474. Let g = -4 - -11. What is the remainder when w(5) is divided by g?
4
Let b(n) = 85*n - 494. Calculate the remainder when 815 is divided by b(6).
15
Suppose 163*u - 17337 = -2830. What is the remainder when 5248 is divided by u?
86
Suppose 3*f = -2*f - 120. Let x = -22 - f. Let d(p) = 3*p**2 - p + 1. Calculate the remainder when d(x) is divided by 3.
2
Let o be (2 + -6)*(5 - 2)/(-6). Suppose 79*b - o = 78*b. Suppose 2*y - s - 33 = 0, -b*y - 2*s = 3*y - 60. What is the remainder when 26 is divided by y?
12
Suppose 33*a + 5278 = 47*a. Let i = a - 341. What is the remainder when 69 is divided by i?
33
Suppose 5*k - 2*x = 426, -2*x + 167 = 4*k - 163. Calculate the remainder when 1005 is divided by k.
81
Suppose 331 + 634 = 25*f - 160. What is the remainder when 552 is divided by f?
12
Let g = -8061 - -10778. What is the remainder when g is divided by 248?
237
Let k = -10 - -20. Let v(l) = -l**3 - l**2 + 28*l + 70. Let t be v(-6). Suppose t*h = -419 + 1813. Calculate the remainder when h is divided by k.
7
Let s be (-867)/(-4) - (7 + (-174)/24). Let f = 54 + s. What is the remainder when f is divided by 16?
15
Suppose 9*n = 7*n - 18. What is the remainder when 7 + -8*(-5)/10 is divided by (-1)/(3 + n) - (-35)/6?
5
Let b(h) = -h - 11. Let f be b(-4). Let x(k) = k**2 - 13*k - 73. Calculate the remainder when x(f) is divided by 15.
7
Let c(w) = -6*w - 38. Let r be c(12). Let s = r - -140. What is the remainder when s is divided by 8?
6
Suppose 0 = -6*h + 28 - 10. Suppose -88 + 22 = -h*u. Let r = -9 + u. What is the remainder when 51 is divided by r?
12
Suppose 0 = 2*t - 41 - 187. What is the remainder when t is divided by 34?
12
Let f = -17 + 36. Let x = 271 - 258. Suppose x*i - 1715 = 6*i. What is the remainder when i is divided by f?
17
Suppose -3*l = -3*f - 44598 + 4686, -4*f + 39961 = 3*l. Calculate the remainder when l is divided by 128.
127
Let i = 318 + -303. What is the remainder when 63 is divided by (-150)/4*(-10)/i?
13
Suppose 0 = -7*v + 1340 - 1319. Let a be (-34)/3 + 2/(-3). Let d = a + 17. Calculate the remainder when d is divided by v.
2
Let j = -99 - -67. Let g = j - -6. Let p = -15 - g. Calculate the remainder when 19 is divided by p.
8
Suppose 1740 = 24*j - 2*j + 552. What is the remainder when 2643 is divided by j?
51
What is the remainder when (3 + (-56)/14)*-80 is divided by 17?
12
Suppose 11*k + 4*k - 1560 = 0. Suppose 0 = 12*v - 16*v + k. What is the remainder when v is divided by 7?
5
Let o(m) = -2*m - 12. Let n(t) = 2*t + 12. Let x(u) = -4*n(u) - 5*o(u). Let p be x(-7). Calculate the remainder when 56 is divided by (2 - p)*(-1 + 6).
16
Let k(z) = 10*z**3 - 2*z**2 - 3*z + 2. Suppose 3*h - 3*j + 21 = 0, 0 = -3*h + 7*h + 4*j + 4. What is the remainder when k(2) is divided by (5 + (-3 - h))/(2/6)?
14
Suppose 0 = -5*k + 3*f + 292, -7*f + 5*f = 4*k - 238. What is the remainder when 3125 is divided by k?
57
Suppose -294 = -31*a + 38*a. Let w(t) = -t**2 - 47*t - 203. What is the remainder when 10 is divided by w(a)?
3
Suppose -2*q = 5*g - 164, g - 220 = q - 4*q. Suppose 2*m - 41 = -1. What is the remainder when m is divided by (q/30)/(2/5)?
2
Let b(j) = 26*j**2 - 1750*j + 614. Let k(c) = c**2 - 4*c - 4. Let p = 0 - -7. What is the remainder when b(67) is divided by k(p)?
10
Calculate the remainder when 15607 is divided by 8/10*-70*20/(-80).
11
Let i = 10584 + -10465. What is the remainder when i is divided by (-1)/(-4) - (-395)/20?
19
Let h(q) = q**3 + 32*q**2 - 35*q - 64. Let g be h(-33). Suppose -b - 11 = -6*v + 2*v, g*b - 4*v + 6 = 0. What is the remainder when b is divided by 4?
1
Calculate the remainder when 823 is divided by 7/((-28)/(-16)) + (-60)/(-1).
55
What is the remainder when 28/13 + (50 - 52) - (-19143)/39 is divided by 114?
35
Let w(u) = 16*u**2 + 187*u - 1092. What is the remainder when w(6) is divided by 291?
24
Suppose -2*v = -4*b + 1484, 0 = 11*b - 16*b - 5*v + 1810. What is the remainder when b is divided by 38?
26
Let a(i) = 25*i - 80. Suppose -3*p + 48*p - 180 = 0. What is the remainder when 81 is divided by a(p)?
1
Let q(w) = -w**3 + 2*w**2 + 6*w + 141. Let a be q(0). Let g = 145 - a. What is the remainder when 23 is divided by g?
3
Suppose -25*s + 26*s + 577 = 2*r, -5*r + 2*s = -1445. Calculate the remainder when r is divided by 99.
93
Let n = -69 - -103. What is the remainder when (3/(-15))/((-3)/4065) is divided by n?
33
Let l = -11670 - -11687. Calculate the remainder when 3107 is divided by l.
13
Suppose 0 = 305*s - 297*s - 264. Calculate the remainder when 110 is divided by s.
11
Let f(u) = -2*